t is -24 + (-21 + -26 + 28 - 8)?
-51
What is -41 + (17 - (4 - -28) - (2 - 9))?
-49
96 - 47 - (-3 + (-4 - -16))
40
Calculate 1 + 12 - (-19 - ((4 - -45) + -124)).
-43
What is the value of 1137 + -1112 - (-2 + -3)?
30
What is -11 - (3 - -11) - (-53 + -5)?
33
Evaluate 20 + (51 - 30 - -20 - 61).
0
Evaluate 13 + (26 - 21) - (42 - 0).
-24
Calculate 4 + (27 - (51 + -53)).
33
What is (22 - 88 - -46) + 162 + -42?
100
What is (-138 - -105) + 140 - 65?
42
(20 - 38) + 39 - (1 - -8)
12
What is (-1 - 1 - -58) + -7623 + 7651?
84
What is the value of 40 + (84 - 31 - 59 - (-8 + (2 - 1)))?
41
What is (23 - (-32 + 38) - 100) + -2?
-85
What is the value of 36 - -21 - 79 - (3 - 39)?
14
Evaluate (-33 - (37 + (-106 - -36))) + (1 + -50 - 1).
-50
Evaluate 27 + -18 + (-2 - 2) + -16.
-11
What is 24 + 0 - (-48 + (-7 - -12))?
67
Calculate (-25 + -13 - 21) + -5 + (-2 - -3).
-63
What is -22 - (-10 - (-55 - -68))?
1
(-5 - -13 - 12) + -8 + 8 + 8 + -39
-35
Calculate 10 - ((28 - 24) + 0 + -48).
54
What is the value of 134 - (99 - 92) - -12?
139
36 + (-1 - 21) + (-32 - -48)
30
What is -94 + ((-27 - 1) + -37 + 47 - -33)?
-79
What is the value of -115 + 14 + -10 - ((-20 - -7) + -7)?
-91
Calculate (21 - 9 - (79 + -34)) + 41.
8
What is 168 + -189 - (1 - -2 - 40)?
16
Evaluate 3 + (44 - 52 - -3) + -37 + (1 - -1).
-37
Calculate 14 - (10 + 0 - -4) - (-9 - 104).
113
What is 38 + (-56 - -23) + -4?
1
Calculate 77 + (6 - 56) + -25.
2
Evaluate (11 - (-11 - -41)) + (-7 + 0 - -19) + 50.
43
Calculate (7 + -7 - (-7 - 33)) + -23.
17
Evaluate -35 - (133 + (-255 - -135)).
-48
What is the value of (62 - 133) + 38 + -7?
-40
Evaluate -5 + (-12 + 0 - (-5 + 10 + -18)) + 11.
7
Evaluate (4 - (9 + 0 + 7)) + 52 + 9.
49
What is ((-134 - (22 - -2)) + 15 - -6) + -5?
-142
(52 + -98 - -46) + 64
64
What is -5 - -3 - (-35 - (-30 - (5 - 14)))?
12
(2 - (-58 - -74)) + (27 - 0)
13
Calculate (-5 - 1) + -14 + (10 - (-18 - -15)) + -56.
-63
(-71 - (-1 + 2)) + 107 + (-245 - -137)
-73
What is the value of 31 + 3 + 35 + -25 + 2?
46
What is (-1 + -8 - -109) + (38 - 42) + -11?
85
What is 10 + -17 + 14 + (-14 - (-5 - 4)) - -58?
60
What is 8 - -5 - (65 + (9 - -5)) - 5?
-71
What is -11 + (1 + -4 - (38 + -40 + -58))?
46
Calculate 11 + -1 - (6026 + -5883).
-133
Evaluate -9 - (13 + 14 + -1 + -3 + 36 + -4).
-64
What is the value of 8 - (38 + (23 - 0) + 300 + -318)?
-35
72 - -16 - (32 - -54)
2
What is 46 + (-10 - -9) + -101?
-56
What is -11 - -12 - (-8 + 4 - 5) - (53 + -8)?
-35
8 + (-6 - -13) + -17 + -19
-21
(-51 - (1 + -5)) + -6 + (-19 + 5 - -25)
-42
-72 - ((6 - (-10 + 15) - (6 + -3)) + 14)
-84
What is the value of (41 - 10) + -145 + -3 + 71?
-46
139 + 89 - (-77 - -191)
114
What is -77 + (4 - -6) - (-548 + 556)?
-75
What is the value of (1 - 1 - 12) + 26 + (-168 - -83)?
-71
Evaluate 35 + (-23 - -7) + -12 - (-35 + 2 - -1).
39
What is the value of -8 + 81 - ((8 - (-4 - -5)) + 3 - 12)?
75
Evaluate 199 - 240 - (18 - (-19 - -183)).
105
Calculate 60 - (2 + 5 + (10 - (38 + -11))) - 7.
63
What is -176 - -178 - (-3 - (5 - 43))?
-33
What is the value of -6 + 3 - (0 + -1) - (-61 + (69 - 26))?
16
What is the value of 13 + (-5 - (-12 + 13) - (-6 - -1))?
12
Evaluate -1 + (-243 - -250) + 0 + 81.
87
What is 4 + 14 + -2 + (-24 - 27) + (-1 - 11)?
-47
What is the value of 111 + 106 - 136 - -39?
120
What is -43 + 23 - -1 - -21 - 13?
-11
What is the value of 168 + -5 - (141 - 45)?
67
79 + 2 + -22 + (-22 - 11)
26
Calculate 11 - (34 + -17) - -8 - 37.
-35
What is the value of (-56 - 13) + 57 + -7 + -2?
-21
What is the value of -40 + 88 + -37 - (2 + -1 + -57)?
67
Calculate 10 - (-19 - (-3 + (2 - 29)) - (1 - -21)).
21
(-20 - (19 - (-21 - -52))) + 42
34
What is 12 + 1 + -17 + -6 - (-26 + 1 + -17)?
32
-44 - (108 + -55) - -186
89
2128 + -2080 - (-2 + -1)
51
Evaluate 16 + 7 + -9 + -7 - (-31 - -68).
-30
What is (-19 - -47) + 55 + -70?
13
Calculate 44 + (-20 - -1) + (-100 - (-42 + -71)).
38
What is the value of -6 - 49 - (-7 - (24 - 27))?
-51
What is the value of (-80 + 210 - 77) + 5 + -3 + 1?
56
Evaluate (-85 - -71 - (9 + -169)) + (2 - 1) + -16.
131
What is (3 - 8) + ((9 - 7) + -10 - -67)?
54
What is 8 - (-108 - (-77 - -5))?
44
Calculate -221 + 178 - (4 + -42).
-5
What is (-19 - -54 - 127) + (1 - 6) + -3 + 0?
-100
(-225 + 258 - (-2 - -110)) + 32
-43
What is 9 - ((637 - 548) + (-4 + -2 - -3 - 6))?
-71
What is -1 - (15 + 0 - -77 - (16 + -5))?
-82
Calculate (-16 - -5 - (27 + -36)) + -15.
-17
Evaluate 147 + -57 + 11 + -46.
55
6 + -10 + 17 - 1 - (-31 + -17)
60
95 - (-2 - 3) - (5 - ((-1 - 2) + 10))
102
What is (-142 - -113) + (-4 + 0 + 18 - 0)?
-15
Calculate 11 + 13 + -2 + -5 + 5 + -24.
-2
Calculate -1170 + 1176 + (-58 - -5 - (0 - 0)) - -8.
-39
Calculate 95 + (10 - ((-368 - -372) + -4 + (-1 - -3))).
103
What is the value of 47 + (24 - -13) + -42?
42
Calculate -56 + (0 + 16 - (-16 + (-13 - -33))).
-44
(1 - 13) + 5 + -3 - (8 + 20)
-38
Calculate -5 + 1 - (11 + (-7 - -59) - (-6 + -15)).
-88
(26 - (-5 - (-27 + 18))) + 17
39
-20 - (0 - 33 - (-870 + 864))
7
What is the value of (69 - -40) + -112 + -19?
-22
Evaluate -1 + 11 + -34 + (12 - (-2 - -14) - -22).
-2
Evaluate 7 + (-100 - -46) + 37.
-10
Evaluate -15 - (-18 + 92 - (10 - (-3 - -12))) - 1.
-89
Calculate (-48 - -41) + 5 + (74 - (-4 - (-5 - 1))).
70
Evaluate -21 + 40 + ((-12 - -5) + 2 - 2).
12
What is 46 + (-11 - (-8 - (-15 + (11 - 2)))) + 6?
43
What is 27 - 0 - (-120 + 140) - -3?
10
(-16 - -38) + 12 - 55 - (-42 - -2)
19
What is the value of 32 - (-11 + (11 - -5) + -17 - 2)?
46
Evaluate -81 + 44 + 4 + 51 - -4.
22
What is the value of 17 + (-17 - 18) - (-6 + (11 - 7) + -1)?
-15
Calculate (-14 + 12 - -60) + (-5 - 2 - (-5 - -3)).
53
What is the value of 59 + -27 + (-3 - 83) + 5 + 0?
-49
Evaluate 1 + -6 + 4 + 55 + 1 + -2.
53
87 - (14 + 7 + -16 + 17 - 16)
81
What is (352 - (34 + 189)) + (-19 + 0 - -1)?
111
What is 8 - (-14 + (19 - 11)) - (-84 + 78)?
20
Calculate 9 + (-3 - (-7 - 17)) - (-5 + (-4 - -13)).
26
What is the value of -23 + (50 + -47 - -53)?
33
(-1 + 6 + -17 + 21 - 29) + 18
-2
What is the value of -62 + 0 + 71 + -5 + 9 + -1?
12
Calculate 49 - (-18 + 9 + -1 + 56 + -32).
35
Calculate (33 - 0) + (12 - -3 - (349 + -316)).
15
What is 112 + -41 + 25 + -24?
72
Evaluate (23 - (32 - -2)) + (79 - 6) - -6.
68
25 - (-18 + 11 - (7 + -22))
17
Calculate (65 - (35 + -16)) + (4 - 0) - 2.
48
-9 - (-73 + 41 + (2 - 18))
39
What is the value of -10 + -44 + 11 + 14?
-29
What is (13 - -69) + -35 + -8?
39
Evaluate 1 + 35 + 2 - (7 - (-34 + 30)).
27
Calculate (249 - 283) + 17 + (5 - 2).
-14
(3657 - 3619) + (-2 + 0 - -15) + -3
48
What is -11 + 4 + 11 - 11 - (-100 + -4 + 12)?
85
-14 + -26 - -26 - (-11 - 38)
35
(83 - (-209 - -283)) + (-59 - (1 + 0))
-51
Calculate -1 - (-2 - -2 - 38 - (-1096 - -1100)).
41
(-3 - (20 - (1 - -8))) + -21
-35
What is the value of -161 - -162 - (-5 - -3 - (0 + 32))?
35
Evaluate (1 - (-20 + 21)) + -72 - 39.
-111
What is the value of 1 + 7 - (3529 - 3478)?
-43
What is 0 + -7 - -23 - (656 + -635)?
-5
What is the value of -62 - (-155 - -118) - (-6 + 1 - 3)?
-17
-1629 + 1561 - (0 - 53)
-15
What is -1 - (-19 + 32 - 11) - 16?
-19
Evaluate -3 + 42 + -38 + (-25 - 0).
-24
What is the value of 85 - 96 - (0 + -2 + -23 - -3)?
11
86 + (-18 + -4 + 5 + 3 - 1)
71
What is the value of ((3 - 1) + 0 - (-6 - -22)) + (-66 - -2)?
-78
Calculate 4 + -35 + (-58 - (15 - 41)).
-63
What is 272 - (147 + -94 - -81)?
138
What is 58 - (18642 - 18655 - (0 - (1 + 8 + -1)))?
63
What is (-314 - -237) + (1 - -24) + -42?
-94
Evaluate ((21 - 6) + (2 - 45) + 16 - 87) + 7.
-92
Calculate 16967 + -17033 + (1 - 16).
-81
What is the value of (-149 - -89) + 10 + 139?
89
What is -90 + (-6 - -48) + (-37 - -9)?
-76
80 + -12 + -1 + -38
29
Calculate (41 - 1) + (-6 + -30 + 0 - -35).
39
What is the value of -13 + (-75 - (-9 - 2 - -13 - -5 - 14))?
-81
Evaluate (9 - (35 - 24)) + -102.
-104
What is the value of 5 + -27 + -28 + 66?
16
Evaluate 95 + -48 - -29 - 62.
14
73 + -2 + 57 + -26 + -46
56
Calculate -7 + (123 - 102) + -120 + 12.
-94
-1 - (33 - 0) - (32 - (-12 - -13) - 38)
-27
-6 + 9 + 42 - (12 + -9 - (2 + 1))
45
12 + -4 + -14 + 2 + 9 + -25 + 5
-15
20 + -22 + 10 + (5 + 3 - -13)
29
Calculate -5 + 5 + -2 + 57 + -76.
-21
What is the value of 81 + -142 + (-1 - -32) + 1 + -8 + 2?
-35
Evaluate 20 + -21 + (65 - 41).
23
What is 25 - 6 - (185 - (-1 + 106))?
-61
What is the value o